of 8 - (-35 - 0 - ((-14 - 18) + 30))?
41
Calculate (10 + -25 + 44 - -6) + 44.
79
163 + -154 - ((-6 - (-11 + 39)) + -4 + -1)
48
Calculate (49 - -1) + 9 + -31 + (14 - 9) + 10.
43
Evaluate 5 + (-35 - (-10 - -21)) + 12 + -7.
-36
What is the value of 38 + -32 - (-24 - 13) - 25?
18
What is the value of -6 - -7 - 15 - (37 - 58)?
7
10 - (-16 - ((8 - -8) + -48))
-6
-8 - (15 + -15 - (9 - 6))
-5
Evaluate -5 + 9 - -10 - (-19 + 58).
-25
What is the value of 124 + (17 - -11) - 83?
69
-24 + (-8 + 9 - 0) - (411 + -436)
2
What is -49 - (-143 + 34) - (17 - (5 - 2))?
46
Calculate -1 + 1 + 15 + 0 + (2737 - 2810).
-58
Calculate (-23 + 23 - -37) + -70.
-33
Evaluate 7 - ((5 - (17 + (0 - 7))) + 35 + 10).
-33
1 + 2 - (11 + 24 - 36 - 0)
4
Calculate 0 - (-10 + (-3 - 3 - (-64 + -5)) + -7).
-46
561 + -473 - (100 + -2)
-10
Calculate -103 + 1 + (6 + -2 - 4) + (219 - 205).
-88
89 - (-2 + 60 + 14)
17
Calculate -3 + 16 + -5 + -45 + 16.
-21
What is the value of (18 - 24 - -146 - 16) + -37?
87
41 - 84 - -23 - (2 + -8)
-14
Calculate 0 - (0 + 6 + -43 + 21 + 24).
-8
Evaluate 40 + 36 + 13 + -75.
14
Calculate -12 + -45 + 29 + (-2 - -11).
-19
What is the value of -53 + 59 - 5 - (-10 - -2) - 93?
-84
-2 + 3 + -19 - (-3351 + 3401)
-68
What is (-25 + -26 + 56 - 127) + 4 + -18?
-136
Evaluate -2 + -2 + -1 + -3112 + 3055 + 10.
-52
Calculate 5 - -1 - (24 + -14 + -36 + (-33 - -19)).
46
Calculate (1 - (-3 - 4 - -6) - (7 + 9)) + -7.
-21
What is (-2 + 25 - (-95 + 139)) + 6?
-15
Evaluate -17 + -1 - (-51 + -58 + 107).
-16
What is -20 + (20 + 0 - -2) + -44?
-42
Evaluate 77 + -60 + -76 + 50.
-9
What is the value of (39 - -1) + (-784 - -764) - 17?
3
Evaluate (-3 - 6) + -19 + -24 + 35.
-17
Evaluate (-1 - (-2 + (132 - -2))) + (48 - -163 - 201).
-123
What is -36 + 1 - -15 - -21 - -30?
31
What is the value of -43 + 12 + 37 + 43?
49
2728 - 2669 - (0 + 22)
37
What is the value of -7 + (-24 - -19) + 1 + 17 + 51?
57
What is the value of -39 + -26 + 31 + 2 + 116?
84
What is 11 + (-9 - 0) - -17 - 116 - 11?
-108
What is -8 + -9 + -2 + -20 + 12 - -9?
-18
(6 - -4) + 4 - (-92 + 90) - 111
-95
What is the value of 21 + (-8 - -5) + -10 - 0?
8
What is -4 + (-18 + 19 - (-2 + 1)) + 60 + -22?
36
50 - (-1 - (0 - -2)) - (7 + 6)
40
30 + 4 + 263 + -294 + (-2 - 0 - -41)
42
What is the value of (47 - 138 - -31) + 34?
-26
(1 - (-1 - 22)) + 60 + -89
-5
Calculate -120 - (-26 + 35 + -27 - 15).
-87
Calculate -4 + 45 + -20 + 11 - -1.
33
14 - -1 - ((49 - 37) + 21) - -28
10
What is the value of 2 + -2 + -2 - 18 - (-7132 + 7131)?
-19
What is -6 - (-1 - 72 - (-46 - -54 - -3))?
78
Calculate (-2 - (-48 + 29)) + -43.
-26
What is 64 + (-23 - -13) - -10?
64
Evaluate 16 + 5 + 49 + -49 + (1 - 0 - 5).
17
(54 + -53 - -9) + -54
-44
Calculate -29 + 78 - (-3 + 75).
-23
What is the value of -17 + -38 + (43 - 20)?
-32
What is (-19 + 16 - 13) + 19?
3
Evaluate 1 + (-41 + -5 - -1).
-44
-16 - -36 - (24 + 0) - (-49 + -3)
48
What is 28 - (-27 - -62) - 69?
-76
What is 42 + -5 + -15 + 16 + -9 + -3?
26
Calculate -133 - -20 - (-655 + 580).
-38
-1380 - -1402 - (-12 + -2)
36
Calculate 8 + 0 - (-8 + 28 - 4) - (2 - 80).
70
What is 67 + 76 + (-288 - -37)?
-108
What is the value of 14 - (13 - (-9 + (7 - -137))) - -7?
143
Evaluate 40 + -23 + -19 - -23.
21
Evaluate (-15 - (-16 + 6 - 10)) + (52 - 1 - 6).
50
Calculate -102 + 85 - (-13 - 3) - -60.
59
Evaluate (-7733 - -7826) + (-74 - 3).
16
What is 2 + -48 + 14 + 1 + (-2 - -5 - 10)?
-38
What is the value of 44 - (97 - (24 + -41))?
-70
-26 + (4 - 3) - (-10 - -14 - 15)
-14
Calculate (0 - -4) + (87 - 31) - (-5 + (14 - 8)).
59
What is -33 + (4 + -6 - 18) + 16?
-37
Evaluate (-14 + (30 - 11) + -10 - 5) + -17 + 77.
50
What is -74 - -85 - (14 + 30 - 17)?
-16
(0 - 1) + 87 + -99 - (-37 - -22)
2
What is the value of -95 - ((2 - 43) + -178 + 187)?
-63
What is -99 + (119 - 30) - (-6 - (2 - 0))?
-2
138 - ((0 - (3 - 3)) + (33 - 16) + -7)
128
What is the value of -81 + -144 + 122 + -21?
-124
Calculate -24 - (-65 - (1 - 34)).
8
What is 7 - (-160 + 54 - -249)?
-136
Calculate 68 + -80 - (4 + 4).
-20
Evaluate -76 + 6 + (-32 - -28) + -5.
-79
-19 + 33 + 12 + -33 + -2 - (-27 - 4)
22
17 - (-2 + 1) - (53 + (75 - 4))
-106
Calculate -8 + -14 + (63 + -76 - (-7 + -4)).
-24
Evaluate -9 - (8 + -10 + -14 - -19) - (-5 + -2).
-5
-48 + 160 - (7 + 51)
54
Calculate -1701 + 1752 - (0 + 33).
18
-79 + 40 + (-6 - (0 + -2)) + -2
-45
Calculate (74 - (50 - -19)) + 72.
77
What is (9 - (7 - 7)) + (-53 - 17)?
-61
What is 1 - (19 - -5 - 1) - (83 - 94)?
-11
What is (2 - 1) + 11 - (-118 - (-14 - 110))?
6
What is 2 + 0 + 13 - (-969 - -941 - (-28 - -1))?
16
(-65 - -132) + -21 + -120
-74
Evaluate (0 - -3) + -22 + 1671 + -1644.
8
37 - (12 - (34 + (-26 - -10)))
43
What is 2921 + -2935 + -4 + -10 + -4?
-32
Evaluate -19 + 106 + -66 + 15 + 2.
38
(3 - (41 - 14)) + 9 - (-5 + 48)
-58
What is 260 + -215 - (3 + -23 + -9)?
74
What is 36 + -40 + 9 + 0 + (17 - 19 - 68)?
-65
Calculate -21 + (45 - 26) - -41.
39
Calculate -36 - (-7 + (5 - 3) - (-335 + 319)).
-47
Evaluate 161 + -25 + -57 - 28.
51
Evaluate -317 + 286 + (128 - -8 - 5).
100
-8 - -14 - (-27 - -16 - -6)
11
3 + -11 + (14 - -1) + -3 + -14 + 65
55
Evaluate -2 - 1 - (0 + -11) - (-70 - -67).
11
Calculate (226 - 179) + -58 + 1.
-10
Calculate (-26 - 32) + 54 + (-30 - -1).
-33
Calculate 14 - (10 - (11 - ((8 - 21) + 6 + 2))).
20
What is (-4 + (103 - 1) - -2) + (575 - 592)?
83
Evaluate -67 + 62 - (-1 - 2) - (58 - (0 + 7)).
-53
What is the value of -1 + -6 + (15 - -7) + -28 + 9 - -15?
11
What is (206 - 191 - (15 - -2)) + -1?
-3
Calculate -36 + (6 + 0 - (-1 + -7)).
-22
Calculate (-17 - 16) + -50 + 39.
-44
Calculate -2 + 6 - 10 - (-36 - 0 - (-2 + -2)).
26
Evaluate 13 - 9 - 58 - -89.
35
What is the value of (28 + -17 + -49 - -52) + 1 + -70?
-55
Evaluate (126 - 134) + (3 - -11).
6
Evaluate (3 - (16 - -7) - 18) + 27.
-11
Evaluate -50 - (42 + -114 + 23).
-1
What is the value of (-21 - (-12 + 2 - 8)) + -12 - -103?
88
-19 - (20 - (-13 + 40 + -19))
-31
9 - (43 - -33) - -25
-42
Evaluate 8 + 8 + (5 - 5 - 8).
8
What is -11 + 19 + (5 - -1) + -10 + 5 - 33?
-24
53 - 9 - (930 - 756)
-130
What is the value of -9 - (74 - (212 - 52))?
77
What is (17 - 2) + (6622 - 6580)?
57
What is the value of -6 + 7 + 264 + -283?
-18
What is the value of -75 + 96 + 56 - 117?
-40
-115 - -3 - (20 - -1 - (-51 + 76))
-108
Calculate 39 - -1 - (39 + 7 + -29 + 10 - 30).
43
Calculate (-1 - (0 - 0)) + -13 + (-10 - 54 - -90).
12
Calculate (4 + -19 - 5) + 33 + 2 + -71.
-56
Calculate 3 - -20 - (-84 - -115) - -13.
5
What is -12 - (-7 - (9 + -22 + 7 + 12))?
1
83 + 0 + 6306 + -6385
4
Calculate 849 + -932 - (27 - (13 - 3 - 4)).
-104
What is (-332 - -321) + (0 - -17) + -5 + -6?
-5
(-51 - (-4 - 9 - 22)) + (-2 - 17)
-35
What is the value of -2 + 0 + (-70 - -74 - 17) + 94?
79
What is the value of 3 + 99 - (8639 + -8616)?
79
Calculate 44 + (-51 - (34 + -16)).
-25
What is the value of (2 - ((32 - -2) + -17)) + 100?
85
What is the value of 7 + 45 + 33 + -19 + 0 + 7 + 10?
83
88 + -3 - ((23 - -15) + -9)
56
Calculate (42 - 72) + 16 + 26.
12
Calculate 2 + 2 + (-2 - (3 + -4)) - (239 - 285).
49
Calculate -41 + (-58 - (-85 + -60)).
46
79 + (71 - 95) - (-1 - (-2 - -4) - -1)
57
Calculate -35 + 15 - -14 - (-15 - -13).
-4
What is the value of -4 - (2 + 9 - 20) - -21?
26
What is 40 + 2 + (1299 - 1255)?
86
-24 - (0 + (22 - 46) - -26)
-26
What is the value of -62 + 174 + -44 + -4?
64
Evaluate 0 - (4 - 3) - (-138 - -104) - 10.
23
2 - (3 - -33) - (-4 + 6) - 8
-44
265 + -198 + 4 + -63
8
What is the value of (-5541 - -5539) + (-23 - -1)?
-24
Calculate (7 - 12) + -53 + (-39 - -53) - 2.
-46
Evaluate 21 + (-15 + 1 - (-76 - -108)).
-25
Evaluate -64 - (744 + -755 - (2 + -52)).
-103
What is -13 - (54 + 13 + (-5 - (-3 + 12)))?
-66
Calculate -72 + 63 + 72 + -1 - (-119 + 142).
39
(29 - 156) + 158 + -3 + 5 + -8
25
What is the value of 148 + (123 - (293 + -100))?
78
What is 1 + 11 + -5 + -11 - (21 + -5)?
-20
Evaluate -105 + 7 + (9 - 1 - (17 + (20 - 22))).
-105
What is the value of -8 + (4 + 0 - 10) + 2 + 124 + -160?
-48
What is the value of -1 + 0 - (-2467 + 2494 + (1 - 126))?
97
What is (-4 - (11 - (-21 + 20))) + 58?
42
Evaluate -95 + (-67 - (-118 + -181)).
137
(19 - (-12 - -11)) + 213 + -182
51
Evaluate -152 - (-135 - (116 - -23)).
122
What is the value of -52 + (-93 - -42) - (34 - 2)?
-135
What is (-338 - -298) + 5 